{"id":652,"date":"2018-09-27T20:10:53","date_gmt":"2018-09-27T20:10:53","guid":{"rendered":"https:\/\/sunway.freevision.me\/?page_id=652"},"modified":"2021-06-27T14:25:21","modified_gmt":"2021-06-27T12:25:21","slug":"about","status":"publish","type":"page","link":"https:\/\/hotellina.org\/?page_id=652","title":{"rendered":"QUI SOMMES NOUS"},"content":{"rendered":"<section class=\"wpb-content-wrapper\"><p>[vc_row content_placement=\u00a0\u00bbmiddle\u00a0\u00bb][vc_column width=\u00a0\u00bb1\/2&Prime;][vc_single_image image=\u00a0\u00bb2266&Prime; img_size=\u00a0\u00bbfull\u00a0\u00bb][vc_row_inner content_placement=\u00a0\u00bbmiddle\u00a0\u00bb][vc_column_inner][vc_column_text css=\u00a0\u00bb.vc_custom_1624796394928{margin-top: 20px !important;}\u00a0\u00bb]<\/p>\n<h3>Hotel LINA Kpalime<\/h3>\n<p>Hotel LINA Kpalime, La c\u00f4quette, h\u00f4tel haut standing, s\u00e9duit par son architecture, confort agr\u00e9able<\/p>\n<p>Venez avec moi \u00e0 la d\u00e9couverte du tout dernier \u00e9tablissement h\u00f4telier de Kpalim\u00e9. L\u2019h\u00f4tel LINA, la coquette.\u00a0HOTEL LINA, UN H\u00d4TEL HAUT DE GAMME DE 3 \u00c9TOILES une autre vision h\u00f4teli\u00e8re comme on en rencontre rarement \u00e0 Kpalim\u00e9. Dans la splendeur de sa beaut\u00e9 ph\u00e9nom\u00e9nale et in\u00e9gal\u00e9e, le coquette H\u00f4tel LINA s&rsquo;installe dans une vall\u00e9e ce qui vous garantit une vue imprenable et panoramique sur les montagnes adjacentes.[\/vc_column_text][\/vc_column_inner][\/vc_row_inner]<span  id=\"wofcb-1\" class=\"ozy-custom_button_w\"><a id=\"ofcb-1\" style=\"--data-bordercolor:#c59d5f\" class=\"ozy-custom_button ocbtn-1\"  href=\"#gallery\"  target=\"_self\" >VOIR LES PHOTOS<\/a><\/span>[\/vc_column][vc_column width=\u00a0\u00bb1\/2&Prime;][vc_row_inner content_placement=\u00a0\u00bbmiddle\u00a0\u00bb][vc_column_inner][vc_column_text]<\/p>\n<h3>Un h\u00f4tel de haut standing<\/h3>\n<p>L&rsquo;h\u00f4tel de haut standing, s\u00e9duit par son architecture moderne en vous offrant un cadre et un confort agr\u00e9able<\/p>\n<p>Fort de ses lits larges et confortables, les chambres chez LINA h\u00f4tel rev\u00eatent d\u2019une architecture et d\u2019une d\u00e9coration \u00e0 vous couper le souffle. L\u2019architecture de chaque chambre vous garantit une vue panoramique et paradisiaque sur le beau paysage montagnard de kpalim\u00e9, l&rsquo;irr\u00e9sistible. Tout ceci vous est offert \u00e0 un prix d\u00e9fiant toute concurrence[\/vc_column_text][\/vc_column_inner][\/vc_row_inner][vc_row_inner content_placement=\u00a0\u00bbmiddle\u00a0\u00bb][vc_column_inner][vc_single_image image=\u00a0\u00bb2267&Prime; img_size=\u00a0\u00bbfull\u00a0\u00bb parallax_ratio=\u00a0\u00bb1.1&Prime;][\/vc_column_inner][\/vc_row_inner][\/vc_column][\/vc_row][vc_row full_width=\u00a0\u00bbstretch_row_content_no_spaces\u00a0\u00bb css=\u00a0\u00bb.vc_custom_1538508159973{margin-top: 50px !important;}\u00a0\u00bb][vc_column][vc_single_image image=\u00a0\u00bb2188&Prime; img_size=\u00a0\u00bbfull\u00a0\u00bb parallax_ratio=\u00a0\u00bb1.1&Prime;][\/vc_column][\/vc_row][vc_row css=\u00a0\u00bb.vc_custom_1538081654442{margin-top: 50px !important;padding-right: 15% !important;padding-left: 15% !important;}\u00a0\u00bb][vc_column]\n<div id=\"ofd-2\" class=\"ozy-floral-divider ornament_4 align-center \">\n<svg viewBox=\"0 0 113.39 12.37\"><use xlink:href=\"https:\/\/hotellina.org\/wp-content\/plugins\/ozy-sunway-essentials\/images\/ornament_divider4.svg#ornament_divider4\"><\/use><\/svg><\/div>[vc_empty_space height=\u00a0\u00bb50px\u00a0\u00bb][vc_column_text]<\/p>\n<h3 style=\"text-align: center;\">Une nouvelle \u00e8re<\/h3>\n<p>Vous souhaitez une exclusivit\u00e9 ? Nous avons pour vous un coin VIP, avec votre garage et appartement priv\u00e9, juste comme \u00e0 la maison.\u00a0Nous disposons d&rsquo;une boulangerie, d&rsquo;un bar bien garni et d&rsquo;un restaurant et des meilleurs cuisiniers-p\u00e2tissiers qui ne laissent jamais aucuns d\u00e9sirs insatisfaits.\u00a0Que ce soit pour vos r\u00e9ceptions de mariages, d\u2019anniversaires ou pour toutes autres occasions festives ou s\u00e9minaire, h\u00f4tel LINA vous offre une salle de conf\u00e9rence et une place des f\u00eates bien a\u00e9r\u00e9e[\/vc_column_text][\/vc_column][\/vc_row][vc_row hue=\u00a0\u00bb#ff0000&Prime; css=\u00a0\u00bb.vc_custom_1538510033655{margin-top: 50px !important;}\u00a0\u00bb][vc_column][vc_single_image image=\u00a0\u00bb2221&Prime; img_size=\u00a0\u00bbfull\u00a0\u00bb alignment=\u00a0\u00bbcenter\u00a0\u00bb parallax_ratio=\u00a0\u00bb1.1&Prime;][\/vc_column][\/vc_row][vc_row full_width=\u00a0\u00bbstretch_row_content_no_spaces\u00a0\u00bb content_placement=\u00a0\u00bbmiddle\u00a0\u00bb css=\u00a0\u00bb.vc_custom_1538511799197{padding-top: 50px !important;padding-bottom: 50px !important;background-image: url(https:\/\/hotellina.org\/wp-content\/uploads\/2018\/10\/2color_bg.png?id=708) !important;}\u00a0\u00bb][vc_column width=\u00a0\u00bb2\/3&Prime;][vc_single_image image=\u00a0\u00bb2262&Prime; img_size=\u00a0\u00bbfull\u00a0\u00bb parallax_ratio=\u00a0\u00bb1.0&Prime;][\/vc_column][vc_column width=\u00a0\u00bb1\/3&Prime; css=\u00a0\u00bb.vc_custom_1538511550979{padding-right: 10% !important;padding-left: 10% !important;}\u00a0\u00bb][vc_column_text]<\/p>\n<h3>Le personnel<\/h3>\n<p>L&rsquo;h\u00f4tel LINA dispose d&rsquo;un personnel hautement qualifi\u00e9, jeune, dynamique, d\u00e9vou\u00e9, assidu et toujours pr\u00eat \u00e0 satisfaire tous vos besoins jusqu&rsquo;aux moindres d\u00e9tails dans une atmosph\u00e8re conviviale.<\/p>\n<div id=\"attachment_2268\" style=\"width: 217px\" class=\"wp-caption alignnone\"><img loading=\"lazy\" decoding=\"async\" aria-describedby=\"caption-attachment-2268\" class=\" wp-image-2268\" src=\"https:\/\/hotellina.org\/wp-content\/uploads\/2021\/06\/Aime-ADIKRE-282x300.jpg\" alt=\"Aim\u00e9 ADIKRE\" width=\"207\" height=\"220\" srcset=\"https:\/\/hotellina.org\/wp-content\/uploads\/2021\/06\/Aime-ADIKRE-282x300.jpg 282w, https:\/\/hotellina.org\/wp-content\/uploads\/2021\/06\/Aime-ADIKRE.jpg 382w\" sizes=\"auto, (max-width: 207px) 100vw, 207px\" \/><p id=\"caption-attachment-2268\" class=\"wp-caption-text\">Aim\u00e9 ADIKRE (G\u00e9rant)<\/p><\/div>\n<p>Aim\u00e9 <strong>ADIKRE\u00a0<\/strong>[\/vc_column_text][\/vc_column][\/vc_row][vc_row full_width=\u00a0\u00bbstretch_row_content_no_spaces\u00a0\u00bb content_placement=\u00a0\u00bbmiddle\u00a0\u00bb disable_element=\u00a0\u00bbyes\u00a0\u00bb css=\u00a0\u00bb.vc_custom_1624796424292{margin-top: 50px !important;margin-bottom: 50px !important;}\u00a0\u00bb][vc_column width=\u00a0\u00bb1\/3&Prime; css=\u00a0\u00bb.vc_custom_1538511598659{padding-right: 10% !important;padding-left: 10% !important;}\u00a0\u00bb][vc_column_text]<\/p>\n<h3>For The Love Of Santorini<\/h3>\n<p>Palo santo af tousled tattooed dreamcatcher. Before they sold out fanny pack everyday carry hoodie vegan. Bicycle rights typewriter mixtape shoreditch ethical fingerstache. Chicharrones succulents flexitarian actually, celiac cronut flannel. Af sartorial hot chicken vinyl jianbing.<\/p>\n<p>Williamsburg asymmetrical offal meh poke post-ironic tote bag pug. Skateboard jianbing la croix mlkshk sartorial. Squid asymmetrical tumeric scenester pork belly. Umami copper mug palo santo shabby chic sriracha kitsch quinoa vape drinking vinegar franzen snackwave man bun. Occupy knausgaard mumblecore food truck 3 wolf moon roof party tacos butcher photo booth austin franzen four loko flannel. Pork belly flexitarian hexagon lomo.[\/vc_column_text][\/vc_column][vc_column width=\u00a0\u00bb2\/3&Prime;][vc_single_image image=\u00a0\u00bb712&Prime; img_size=\u00a0\u00bbfull\u00a0\u00bb alignment=\u00a0\u00bbright\u00a0\u00bb parallax_ratio=\u00a0\u00bb1.0&Prime;][\/vc_column][\/vc_row][vc_row full_width=\u00a0\u00bbstretch_row_content\u00a0\u00bb zero_padding_on_mobile=\u00a0\u00bbon\u00a0\u00bb zero_margin_on_mobile=\u00a0\u00bbon\u00a0\u00bb css=\u00a0\u00bb.vc_custom_1542952679778{padding-top: 100px !important;padding-right: 15% !important;padding-bottom: 40px !important;padding-left: 15% !important;}\u00a0\u00bb el_id=\u00a0\u00bbgallery\u00a0\u00bb][vc_column]<div class=\"ozy-overlap_caption custom-font-on \"><h2 style=\"color:#c59d5f;\" >H\u00d4TEL LINA<\/h2><h3 style=\"color:#2f2b2c;\" >Image Gallery<\/h3><\/div>[vc_empty_space height=\u00a0\u00bb40px\u00a0\u00bb]<ul class=\"ozy-mosaic_gallery \" id=\"mosaic-gallery-3\"><div class=\"grid-sizer\"><\/div><div class=\"gutter-sizer\"><\/div><li class=\"gallery-item\"><a href=\"https:\/\/hotellina.org\/wp-content\/uploads\/2021\/06\/hotel-lina-kpalime-restaurant-2.jpg\"><img decoding=\"async\" src=\"https:\/\/hotellina.org\/wp-content\/uploads\/2021\/06\/hotel-lina-kpalime-restaurant-2-1024x576.jpg\" alt=\"hotel-lina-kpalime-restaurant-1\"\/><span>hotel-lina-kpalime-restaurant-1<\/span><\/a><\/li><li class=\"gallery-item\"><a href=\"https:\/\/hotellina.org\/wp-content\/uploads\/2021\/06\/hotel-lina-kpalime-bar-restaurant-lounge-3.jpg\"><img decoding=\"async\" src=\"https:\/\/hotellina.org\/wp-content\/uploads\/2021\/06\/hotel-lina-kpalime-bar-restaurant-lounge-3-1024x683.jpg\" alt=\"\"\/><span><\/span><\/a><\/li><li class=\"gallery-item\"><a href=\"https:\/\/hotellina.org\/wp-content\/uploads\/2021\/06\/hotel-lina-kpalime-bar-restaurant-9.jpg\"><img decoding=\"async\" src=\"https:\/\/hotellina.org\/wp-content\/uploads\/2021\/06\/hotel-lina-kpalime-bar-restaurant-9-1024x683.jpg\" alt=\"\"\/><span><\/span><\/a><\/li><li class=\"gallery-item\"><a href=\"https:\/\/hotellina.org\/wp-content\/uploads\/2017\/05\/hotel-lina-chambre-extra-kpalime-118.jpg\"><img decoding=\"async\" src=\"https:\/\/hotellina.org\/wp-content\/uploads\/2017\/05\/hotel-lina-chambre-extra-kpalime-118.jpg\" alt=\"\"\/><span><\/span><\/a><\/li><li class=\"gallery-item\"><a href=\"https:\/\/hotellina.org\/wp-content\/uploads\/2017\/05\/hotel-lina-reception-personnel-kpalime.jpg\"><img decoding=\"async\" src=\"https:\/\/hotellina.org\/wp-content\/uploads\/2017\/05\/hotel-lina-reception-personnel-kpalime.jpg\" alt=\"hotel-lina-reception-personnel-kpalime\"\/><span>hotel-lina-reception-personnel-kpalime<\/span><\/a><\/li><li class=\"gallery-item\"><a href=\"https:\/\/hotellina.org\/wp-content\/uploads\/2017\/05\/hotel-lina-reception-angle-kpalime.jpg\"><img decoding=\"async\" src=\"https:\/\/hotellina.org\/wp-content\/uploads\/2017\/05\/hotel-lina-reception-angle-kpalime-1024x683.jpg\" alt=\"hotel-lina-reception-angle-kpalime\"\/><span>hotel-lina-reception-angle-kpalime<\/span><\/a><\/li><li class=\"gallery-item\"><a href=\"https:\/\/hotellina.org\/wp-content\/uploads\/2017\/05\/hotel-lina-kpalime-chambre-view.jpg\"><img decoding=\"async\" src=\"https:\/\/hotellina.org\/wp-content\/uploads\/2017\/05\/hotel-lina-kpalime-chambre-view.jpg\" alt=\"\"\/><span><\/span><\/a><\/li><li class=\"gallery-item\"><a href=\"https:\/\/hotellina.org\/wp-content\/uploads\/2017\/05\/hotel-lina-kpalime-chambre-view-montagnard.jpg\"><img decoding=\"async\" src=\"https:\/\/hotellina.org\/wp-content\/uploads\/2017\/05\/hotel-lina-kpalime-chambre-view-montagnard.jpg\" alt=\"hotel-lina-kpalime-chambre-view-montagnard\"\/><span>hotel-lina-kpalime-chambre-view-montagnard<\/span><\/a><\/li><li class=\"gallery-item\"><a href=\"https:\/\/hotellina.org\/wp-content\/uploads\/2021\/06\/hotel-lina-sejour.jpg\"><img decoding=\"async\" src=\"https:\/\/hotellina.org\/wp-content\/uploads\/2021\/06\/hotel-lina-sejour.jpg\" alt=\"hotel-lina-sejour\"\/><span>hotel-lina-sejour<\/span><\/a><\/li><li class=\"gallery-item\"><a href=\"https:\/\/hotellina.org\/wp-content\/uploads\/2021\/06\/hotel-lina-reception-clientel-kpalime-2.jpg\"><img decoding=\"async\" src=\"https:\/\/hotellina.org\/wp-content\/uploads\/2021\/06\/hotel-lina-reception-clientel-kpalime-2-1024x320.jpg\" alt=\"hotel-lina-reception-clientel-kpalime\"\/><span>hotel-lina-reception-clientel-kpalime<\/span><\/a><\/li><li class=\"gallery-item\"><a href=\"https:\/\/hotellina.org\/wp-content\/uploads\/2017\/05\/hotel-lina-chambre-extra-kpalime-136.jpg\"><img decoding=\"async\" src=\"https:\/\/hotellina.org\/wp-content\/uploads\/2017\/05\/hotel-lina-chambre-extra-kpalime-136.jpg\" alt=\"\"\/><span><\/span><\/a><\/li><\/ul>[vc_empty_space height=\u00a0\u00bb40px\u00a0\u00bb]<span  id=\"wofcb-4\" class=\"ozy-custom_button_w\"><a id=\"ofcb-4\" style=\"--data-bordercolor:#c59d5f\" class=\"ozy-custom_button ocbtn-1\"  href=\"https:\/\/hotellina.org\/gallery\/\"  target=\"_self\" >VOIR PLUS D&#039;IMAGES<\/a><\/span>[\/vc_column][\/vc_row]<\/p>\n<\/section>","protected":false},"excerpt":{"rendered":"<p>[vc_row content_placement=\u00a0\u00bbmiddle\u00a0\u00bb][vc_column width=\u00a0\u00bb1\/2&Prime;][vc_single_image image=\u00a0\u00bb2266&Prime; img_size=\u00a0\u00bbfull\u00a0\u00bb][vc_row_inner content_placement=\u00a0\u00bbmiddle\u00a0\u00bb][vc_column_inner][vc_column_text css=\u00a0\u00bb.vc_custom_1624796394928{margin-top: 20px !important;}\u00a0\u00bb] Hotel LINA Kpalime Hotel LINA Kpalime, La c\u00f4quette, h\u00f4tel haut standing, s\u00e9duit par son architecture, confort agr\u00e9able Venez avec moi \u00e0 [&hellip;]<\/p>\n","protected":false},"author":1,"featured_media":0,"parent":649,"menu_order":0,"comment_status":"closed","ping_status":"closed","template":"","meta":{"footnotes":""},"class_list":["post-652","page","type-page","status-publish","hentry",null],"_links":{"self":[{"href":"https:\/\/hotellina.org\/index.php?rest_route=\/wp\/v2\/pages\/652","targetHints":{"allow":["GET"]}}],"collection":[{"href":"https:\/\/hotellina.org\/index.php?rest_route=\/wp\/v2\/pages"}],"about":[{"href":"https:\/\/hotellina.org\/index.php?rest_route=\/wp\/v2\/types\/page"}],"author":[{"embeddable":true,"href":"https:\/\/hotellina.org\/index.php?rest_route=\/wp\/v2\/users\/1"}],"replies":[{"embeddable":true,"href":"https:\/\/hotellina.org\/index.php?rest_route=%2Fwp%2Fv2%2Fcomments&post=652"}],"version-history":[{"count":5,"href":"https:\/\/hotellina.org\/index.php?rest_route=\/wp\/v2\/pages\/652\/revisions"}],"predecessor-version":[{"id":2271,"href":"https:\/\/hotellina.org\/index.php?rest_route=\/wp\/v2\/pages\/652\/revisions\/2271"}],"up":[{"embeddable":true,"href":"https:\/\/hotellina.org\/index.php?rest_route=\/wp\/v2\/pages\/649"}],"wp:attachment":[{"href":"https:\/\/hotellina.org\/index.php?rest_route=%2Fwp%2Fv2%2Fmedia&parent=652"}],"curies":[{"name":"wp","href":"https:\/\/api.w.org\/{rel}","templated":true}]}}